{"id":204,"date":"2014-01-22T10:20:39","date_gmt":"2014-01-22T09:20:39","guid":{"rendered":"http:\/\/a.a.p.p.les2truites.fr\/?page_id=204"},"modified":"2021-02-27T20:10:44","modified_gmt":"2021-02-27T19:10:44","slug":"dates-des-travaux-du-comite","status":"publish","type":"page","link":"http:\/\/a.a.p.p.les2truites.fr\/?page_id=204","title":{"rendered":"Dates des travaux du comit\u00e9 2020"},"content":{"rendered":"<p>Afin de faciliter la demande des cartes d&rsquo;invitations, vous trouverez ci-dessous les diff\u00e9rentes dates des travaux du comit\u00e9 ainsi que l'(les)\u00e9tang(s) o\u00f9 ceux-ci se d\u00e9roulent.<\/p>\n<ul>\n<li><em><strong><span style=\"color: #555555;\">8 &amp; 22 janvier 2020 \u00e0 13h30 (Noyer\/Gravi\u00e8re\/Sandres)<\/span><\/strong><\/em><\/li>\n<li><em><strong>19 et 26 f\u00e9vrier 2020 \u00e0 13h30 (Fonderie\/Sandres)<\/strong><\/em><\/li>\n<li><em><strong>11 &amp; 18 mars 2020 \u00e0 13h30 (Peupliers)<\/strong><\/em><\/li>\n<li><em><strong>6 mai 2020 \u00e0 13h30 (Noyer)<\/strong><\/em><\/li>\n<li><em><strong>10 &amp; 26 juin 2020 \u00e0 13h30 (Noyer)<\/strong><\/em><\/li>\n<li><em><strong>9 &amp; 23 septembre 2020 \u00e0 13h30<\/strong><\/em><\/li>\n<li><em><strong>7 &amp; 28 octobre 2020 \u00e0 13h30<\/strong><\/em><\/li>\n<li><em><strong>4 &amp; 25 novembre 2020 \u00e0 13h30<\/strong><\/em><\/li>\n<\/ul>\n<p>Toute(s) personne(s) poss\u00e9dant la carte de p\u00eache et souhaitant participer b\u00e9n\u00e9volement \u00e0 une ou plusieurs s\u00e9ance(s) de travaux est (sont) la (les) bienvenue(s).<\/p>\n\n","protected":false},"excerpt":{"rendered":"<p>Afin de faciliter la demande des cartes d&rsquo;invitations, vous trouverez ci-dessous les diff\u00e9rentes dates des travaux du comit\u00e9 ainsi que l'(les)\u00e9tang(s) o\u00f9 ceux-ci se d\u00e9roulent. 8 &amp; 22 janvier 2020 \u00e0 13h30 (Noyer\/Gravi\u00e8re\/Sandres) 19 et 26 f\u00e9vrier 2020 \u00e0 13h30 (Fonderie\/Sandres) 11 &amp; 18 mars 2020 \u00e0 13h30 (Peupliers) 6 \u2026 <a class=\"continue-reading-link\" href=\"http:\/\/a.a.p.p.les2truites.fr\/?page_id=204\"> Continue reading <span class=\"meta-nav\">&rarr; <\/span><\/a><\/p>\n","protected":false},"author":1,"featured_media":0,"parent":1220,"menu_order":5,"comment_status":"closed","ping_status":"closed","template":"","meta":{"_monsterinsights_skip_tracking":false,"_monsterinsights_sitenote_active":false,"_monsterinsights_sitenote_note":"","_monsterinsights_sitenote_category":0,"footnotes":""},"class_list":["post-204","page","type-page","status-publish","hentry"],"yoast_head":"<!-- This site is optimized with the Yoast SEO plugin v27.3 - https:\/\/yoast.com\/product\/yoast-seo-wordpress\/ -->\n<title>Dates des travaux du comit\u00e9 2020 - AAPP les 2 truites<\/title>\n<meta name=\"robots\" content=\"index, follow, max-snippet:-1, max-image-preview:large, max-video-preview:-1\" \/>\n<link rel=\"canonical\" href=\"https:\/\/a.a.p.p.les2truites.fr\/?page_id=204\" \/>\n<meta property=\"og:locale\" content=\"fr_FR\" \/>\n<meta property=\"og:type\" content=\"article\" \/>\n<meta property=\"og:title\" content=\"Dates des travaux du comit\u00e9 2020 - AAPP les 2 truites\" \/>\n<meta property=\"og:description\" content=\"Afin de faciliter la demande des cartes d&rsquo;invitations, vous trouverez ci-dessous les diff\u00e9rentes dates des travaux du comit\u00e9 ainsi que l&#039;(les)\u00e9tang(s) o\u00f9 ceux-ci se d\u00e9roulent. 8 &amp; 22 janvier 2020 \u00e0 13h30 (Noyer\/Gravi\u00e8re\/Sandres) 19 et 26 f\u00e9vrier 2020 \u00e0 13h30 (Fonderie\/Sandres) 11 &amp; 18 mars 2020 \u00e0 13h30 (Peupliers) 6 \u2026 Continue reading &rarr;\" \/>\n<meta property=\"og:url\" content=\"https:\/\/a.a.p.p.les2truites.fr\/?page_id=204\" \/>\n<meta property=\"og:site_name\" content=\"AAPP les 2 truites\" \/>\n<meta property=\"article:modified_time\" content=\"2021-02-27T19:10:44+00:00\" \/>\n<meta name=\"twitter:label1\" content=\"Dur\u00e9e de lecture estim\u00e9e\" \/>\n\t<meta name=\"twitter:data1\" content=\"1 minute\" \/>\n<script type=\"application\/ld+json\" class=\"yoast-schema-graph\">{\"@context\":\"https:\\\/\\\/schema.org\",\"@graph\":[{\"@type\":\"WebPage\",\"@id\":\"https:\\\/\\\/a.a.p.p.les2truites.fr\\\/?page_id=204\",\"url\":\"https:\\\/\\\/a.a.p.p.les2truites.fr\\\/?page_id=204\",\"name\":\"Dates des travaux du comit\u00e9 2020 - AAPP les 2 truites\",\"isPartOf\":{\"@id\":\"https:\\\/\\\/a.a.p.p.les2truites.fr\\\/#website\"},\"datePublished\":\"2014-01-22T09:20:39+00:00\",\"dateModified\":\"2021-02-27T19:10:44+00:00\",\"breadcrumb\":{\"@id\":\"https:\\\/\\\/a.a.p.p.les2truites.fr\\\/?page_id=204#breadcrumb\"},\"inLanguage\":\"fr-FR\",\"potentialAction\":[{\"@type\":\"ReadAction\",\"target\":[\"https:\\\/\\\/a.a.p.p.les2truites.fr\\\/?page_id=204\"]}]},{\"@type\":\"BreadcrumbList\",\"@id\":\"https:\\\/\\\/a.a.p.p.les2truites.fr\\\/?page_id=204#breadcrumb\",\"itemListElement\":[{\"@type\":\"ListItem\",\"position\":1,\"name\":\"Archives\",\"item\":\"http:\\\/\\\/a.a.p.p.les2truites.fr\\\/?page_id=356\"},{\"@type\":\"ListItem\",\"position\":2,\"name\":\"2020\",\"item\":\"https:\\\/\\\/a.a.p.p.les2truites.fr\\\/?page_id=1220\"},{\"@type\":\"ListItem\",\"position\":3,\"name\":\"Dates des travaux du comit\u00e9 2020\"}]},{\"@type\":\"WebSite\",\"@id\":\"https:\\\/\\\/a.a.p.p.les2truites.fr\\\/#website\",\"url\":\"https:\\\/\\\/a.a.p.p.les2truites.fr\\\/\",\"name\":\"AAPP les 2 truites\",\"description\":\"Tous droits r\u00e9serv\u00e9s \u00a9 2011-2025\",\"potentialAction\":[{\"@type\":\"SearchAction\",\"target\":{\"@type\":\"EntryPoint\",\"urlTemplate\":\"https:\\\/\\\/a.a.p.p.les2truites.fr\\\/?s={search_term_string}\"},\"query-input\":{\"@type\":\"PropertyValueSpecification\",\"valueRequired\":true,\"valueName\":\"search_term_string\"}}],\"inLanguage\":\"fr-FR\"}]}<\/script>\n<!-- \/ Yoast SEO plugin. -->","yoast_head_json":{"title":"Dates des travaux du comit\u00e9 2020 - AAPP les 2 truites","robots":{"index":"index","follow":"follow","max-snippet":"max-snippet:-1","max-image-preview":"max-image-preview:large","max-video-preview":"max-video-preview:-1"},"canonical":"https:\/\/a.a.p.p.les2truites.fr\/?page_id=204","og_locale":"fr_FR","og_type":"article","og_title":"Dates des travaux du comit\u00e9 2020 - AAPP les 2 truites","og_description":"Afin de faciliter la demande des cartes d&rsquo;invitations, vous trouverez ci-dessous les diff\u00e9rentes dates des travaux du comit\u00e9 ainsi que l'(les)\u00e9tang(s) o\u00f9 ceux-ci se d\u00e9roulent. 8 &amp; 22 janvier 2020 \u00e0 13h30 (Noyer\/Gravi\u00e8re\/Sandres) 19 et 26 f\u00e9vrier 2020 \u00e0 13h30 (Fonderie\/Sandres) 11 &amp; 18 mars 2020 \u00e0 13h30 (Peupliers) 6 \u2026 Continue reading &rarr;","og_url":"https:\/\/a.a.p.p.les2truites.fr\/?page_id=204","og_site_name":"AAPP les 2 truites","article_modified_time":"2021-02-27T19:10:44+00:00","twitter_misc":{"Dur\u00e9e de lecture estim\u00e9e":"1 minute"},"schema":{"@context":"https:\/\/schema.org","@graph":[{"@type":"WebPage","@id":"https:\/\/a.a.p.p.les2truites.fr\/?page_id=204","url":"https:\/\/a.a.p.p.les2truites.fr\/?page_id=204","name":"Dates des travaux du comit\u00e9 2020 - AAPP les 2 truites","isPartOf":{"@id":"https:\/\/a.a.p.p.les2truites.fr\/#website"},"datePublished":"2014-01-22T09:20:39+00:00","dateModified":"2021-02-27T19:10:44+00:00","breadcrumb":{"@id":"https:\/\/a.a.p.p.les2truites.fr\/?page_id=204#breadcrumb"},"inLanguage":"fr-FR","potentialAction":[{"@type":"ReadAction","target":["https:\/\/a.a.p.p.les2truites.fr\/?page_id=204"]}]},{"@type":"BreadcrumbList","@id":"https:\/\/a.a.p.p.les2truites.fr\/?page_id=204#breadcrumb","itemListElement":[{"@type":"ListItem","position":1,"name":"Archives","item":"http:\/\/a.a.p.p.les2truites.fr\/?page_id=356"},{"@type":"ListItem","position":2,"name":"2020","item":"https:\/\/a.a.p.p.les2truites.fr\/?page_id=1220"},{"@type":"ListItem","position":3,"name":"Dates des travaux du comit\u00e9 2020"}]},{"@type":"WebSite","@id":"https:\/\/a.a.p.p.les2truites.fr\/#website","url":"https:\/\/a.a.p.p.les2truites.fr\/","name":"AAPP les 2 truites","description":"Tous droits r\u00e9serv\u00e9s \u00a9 2011-2025","potentialAction":[{"@type":"SearchAction","target":{"@type":"EntryPoint","urlTemplate":"https:\/\/a.a.p.p.les2truites.fr\/?s={search_term_string}"},"query-input":{"@type":"PropertyValueSpecification","valueRequired":true,"valueName":"search_term_string"}}],"inLanguage":"fr-FR"}]}},"_links":{"self":[{"href":"http:\/\/a.a.p.p.les2truites.fr\/index.php?rest_route=\/wp\/v2\/pages\/204","targetHints":{"allow":["GET"]}}],"collection":[{"href":"http:\/\/a.a.p.p.les2truites.fr\/index.php?rest_route=\/wp\/v2\/pages"}],"about":[{"href":"http:\/\/a.a.p.p.les2truites.fr\/index.php?rest_route=\/wp\/v2\/types\/page"}],"author":[{"embeddable":true,"href":"http:\/\/a.a.p.p.les2truites.fr\/index.php?rest_route=\/wp\/v2\/users\/1"}],"replies":[{"embeddable":true,"href":"http:\/\/a.a.p.p.les2truites.fr\/index.php?rest_route=%2Fwp%2Fv2%2Fcomments&post=204"}],"version-history":[{"count":5,"href":"http:\/\/a.a.p.p.les2truites.fr\/index.php?rest_route=\/wp\/v2\/pages\/204\/revisions"}],"predecessor-version":[{"id":1224,"href":"http:\/\/a.a.p.p.les2truites.fr\/index.php?rest_route=\/wp\/v2\/pages\/204\/revisions\/1224"}],"up":[{"embeddable":true,"href":"http:\/\/a.a.p.p.les2truites.fr\/index.php?rest_route=\/wp\/v2\/pages\/1220"}],"wp:attachment":[{"href":"http:\/\/a.a.p.p.les2truites.fr\/index.php?rest_route=%2Fwp%2Fv2%2Fmedia&parent=204"}],"curies":[{"name":"wp","href":"https:\/\/api.w.org\/{rel}","templated":true}]}}