{"id":437,"date":"2015-01-01T15:06:22","date_gmt":"2015-01-01T14:06:22","guid":{"rendered":"http:\/\/a.a.p.p.les2truites.fr\/?page_id=437"},"modified":"2023-02-25T11:57:02","modified_gmt":"2023-02-25T10:57:02","slug":"jeudi-1-mai","status":"publish","type":"page","link":"http:\/\/a.a.p.p.les2truites.fr\/?page_id=437","title":{"rendered":"Jeudi 1\u00b0 Mai 2014"},"content":{"rendered":"<p style=\"text-align: center;\"><a href=\"http:\/\/a.a.p.p.les2truites.fr\/wp-content\/uploads\/2014\/05\/DSC00596.jpg\"><img loading=\"lazy\" decoding=\"async\" class=\"aligncenter size-full wp-image-275\" alt=\"DSC00596\" src=\"http:\/\/a.a.p.p.les2truites.fr\/wp-content\/uploads\/2014\/05\/DSC00596.jpg\" width=\"756\" height=\"573\" srcset=\"http:\/\/a.a.p.p.les2truites.fr\/wp-content\/uploads\/2014\/05\/DSC00596.jpg 756w, http:\/\/a.a.p.p.les2truites.fr\/wp-content\/uploads\/2014\/05\/DSC00596-300x227.jpg 300w, http:\/\/a.a.p.p.les2truites.fr\/wp-content\/uploads\/2014\/05\/DSC00596-197x150.jpg 197w, http:\/\/a.a.p.p.les2truites.fr\/wp-content\/uploads\/2014\/05\/DSC00596-150x113.jpg 150w\" sizes=\"auto, (max-width: 756px) 100vw, 756px\" \/><\/a><\/p>\n<p style=\"text-align: center;\">Classement du concours<\/p>\n<table border=\"0\" align=\"center\">\n<tbody>\n<tr>\n<td>1<\/td>\n<td>HUENTZ<\/td>\n<td>OLIVIER<\/td>\n<td>7620<\/td>\n<\/tr>\n<tr>\n<td>2<\/td>\n<td>GILLICH<\/td>\n<td>DAVID<\/td>\n<td>6840<\/td>\n<\/tr>\n<tr>\n<td>3<\/td>\n<td>GILLICH<\/td>\n<td>MATTHIAS<\/td>\n<td>6370<\/td>\n<\/tr>\n<tr>\n<td>4<\/td>\n<td>SCHWOOB<\/td>\n<td>ALAIN<\/td>\n<td>6330<\/td>\n<\/tr>\n<tr>\n<td>5<\/td>\n<td>SCHWOOB<\/td>\n<td>FLORIAN<\/td>\n<td>5090<\/td>\n<\/tr>\n<tr>\n<td>6<\/td>\n<td>GILLICH<\/td>\n<td>MARTIN<\/td>\n<td>4460<\/td>\n<\/tr>\n<tr>\n<td>7<\/td>\n<td>WURMSER<\/td>\n<td>THEO<\/td>\n<td>4150<\/td>\n<\/tr>\n<tr>\n<td>8<\/td>\n<td>GAY<\/td>\n<td>MATTHIEU<\/td>\n<td>3990<\/td>\n<\/tr>\n<tr>\n<td>9<\/td>\n<td>WURMSER<\/td>\n<td>FRANCOISE<\/td>\n<td>3950<\/td>\n<\/tr>\n<tr>\n<td>10<\/td>\n<td>NAUD<\/td>\n<td>OLIVIER<\/td>\n<td>3750<\/td>\n<\/tr>\n<tr>\n<td>11<\/td>\n<td>EGENSPERGER<\/td>\n<td>THIERRY<\/td>\n<td>3640<\/td>\n<\/tr>\n<tr>\n<td>12<\/td>\n<td>PONSOT<\/td>\n<td>PASCAL<\/td>\n<td>3270<\/td>\n<\/tr>\n<tr>\n<td>13<\/td>\n<td>BOITEUX<\/td>\n<td>YVES<\/td>\n<td>3100<\/td>\n<\/tr>\n<tr>\n<td>14<\/td>\n<td>STAMINIC<\/td>\n<td><\/td>\n<td>3000<\/td>\n<\/tr>\n<tr>\n<td>15<\/td>\n<td>JASPART<\/td>\n<td>PIERRE-ANTOINE<\/td>\n<td>2440<\/td>\n<\/tr>\n<tr>\n<td>16<\/td>\n<td>HOFER<\/td>\n<td>LUC<\/td>\n<td>2330<\/td>\n<\/tr>\n<tr>\n<td>17<\/td>\n<td>BERTSCH<\/td>\n<td>ANDRE<\/td>\n<td>2210<\/td>\n<\/tr>\n<\/tbody>\n<\/table>\n<p style=\"text-align: center;\">(Pr\u00e9sents sur la photo les num\u00e9ros 1 \u00e0 12 sauf le 8)<\/p>\n","protected":false},"excerpt":{"rendered":"<p>Classement du concours 1 HUENTZ OLIVIER 7620 2 GILLICH DAVID 6840 3 GILLICH MATTHIAS 6370 4 SCHWOOB ALAIN 6330 5 SCHWOOB FLORIAN 5090 6 GILLICH MARTIN 4460 7 WURMSER THEO 4150 8 GAY MATTHIEU 3990 9 WURMSER FRANCOISE 3950 10 NAUD OLIVIER 3750 11 EGENSPERGER THIERRY 3640 12 PONSOT PASCAL \u2026 <a class=\"continue-reading-link\" href=\"http:\/\/a.a.p.p.les2truites.fr\/?page_id=437\"> Continue reading <span class=\"meta-nav\">&rarr; <\/span><\/a><\/p>\n","protected":false},"author":1,"featured_media":0,"parent":434,"menu_order":3,"comment_status":"closed","ping_status":"closed","template":"","meta":{"_monsterinsights_skip_tracking":false,"_monsterinsights_sitenote_active":false,"_monsterinsights_sitenote_note":"","_monsterinsights_sitenote_category":0,"footnotes":""},"class_list":["post-437","page","type-page","status-publish","hentry"],"yoast_head":"<!-- This site is optimized with the Yoast SEO plugin v27.3 - https:\/\/yoast.com\/product\/yoast-seo-wordpress\/ -->\n<title>Jeudi 1\u00b0 Mai 2014 - AAPP les 2 truites<\/title>\n<meta name=\"robots\" content=\"index, follow, max-snippet:-1, max-image-preview:large, max-video-preview:-1\" \/>\n<link rel=\"canonical\" href=\"http:\/\/a.a.p.p.les2truites.fr\/?page_id=437\" \/>\n<meta property=\"og:locale\" content=\"fr_FR\" \/>\n<meta property=\"og:type\" content=\"article\" \/>\n<meta property=\"og:title\" content=\"Jeudi 1\u00b0 Mai 2014 - AAPP les 2 truites\" \/>\n<meta property=\"og:description\" content=\"Classement du concours 1 HUENTZ OLIVIER 7620 2 GILLICH DAVID 6840 3 GILLICH MATTHIAS 6370 4 SCHWOOB ALAIN 6330 5 SCHWOOB FLORIAN 5090 6 GILLICH MARTIN 4460 7 WURMSER THEO 4150 8 GAY MATTHIEU 3990 9 WURMSER FRANCOISE 3950 10 NAUD OLIVIER 3750 11 EGENSPERGER THIERRY 3640 12 PONSOT PASCAL \u2026 Continue reading &rarr;\" \/>\n<meta property=\"og:url\" content=\"http:\/\/a.a.p.p.les2truites.fr\/?page_id=437\" \/>\n<meta property=\"og:site_name\" content=\"AAPP les 2 truites\" \/>\n<meta property=\"article:modified_time\" content=\"2023-02-25T10:57:02+00:00\" \/>\n<meta property=\"og:image\" content=\"http:\/\/a.a.p.p.les2truites.fr\/wp-content\/uploads\/2014\/05\/DSC00596.jpg\" \/>\n<script type=\"application\/ld+json\" class=\"yoast-schema-graph\">{\"@context\":\"https:\\\/\\\/schema.org\",\"@graph\":[{\"@type\":\"WebPage\",\"@id\":\"http:\\\/\\\/a.a.p.p.les2truites.fr\\\/?page_id=437\",\"url\":\"http:\\\/\\\/a.a.p.p.les2truites.fr\\\/?page_id=437\",\"name\":\"Jeudi 1\u00b0 Mai 2014 - AAPP les 2 truites\",\"isPartOf\":{\"@id\":\"https:\\\/\\\/a.a.p.p.les2truites.fr\\\/#website\"},\"primaryImageOfPage\":{\"@id\":\"http:\\\/\\\/a.a.p.p.les2truites.fr\\\/?page_id=437#primaryimage\"},\"image\":{\"@id\":\"http:\\\/\\\/a.a.p.p.les2truites.fr\\\/?page_id=437#primaryimage\"},\"thumbnailUrl\":\"http:\\\/\\\/a.a.p.p.les2truites.fr\\\/wp-content\\\/uploads\\\/2014\\\/05\\\/DSC00596.jpg\",\"datePublished\":\"2015-01-01T14:06:22+00:00\",\"dateModified\":\"2023-02-25T10:57:02+00:00\",\"breadcrumb\":{\"@id\":\"http:\\\/\\\/a.a.p.p.les2truites.fr\\\/?page_id=437#breadcrumb\"},\"inLanguage\":\"fr-FR\",\"potentialAction\":[{\"@type\":\"ReadAction\",\"target\":[\"http:\\\/\\\/a.a.p.p.les2truites.fr\\\/?page_id=437\"]}]},{\"@type\":\"ImageObject\",\"inLanguage\":\"fr-FR\",\"@id\":\"http:\\\/\\\/a.a.p.p.les2truites.fr\\\/?page_id=437#primaryimage\",\"url\":\"http:\\\/\\\/a.a.p.p.les2truites.fr\\\/wp-content\\\/uploads\\\/2014\\\/05\\\/DSC00596.jpg\",\"contentUrl\":\"http:\\\/\\\/a.a.p.p.les2truites.fr\\\/wp-content\\\/uploads\\\/2014\\\/05\\\/DSC00596.jpg\",\"width\":756,\"height\":573},{\"@type\":\"BreadcrumbList\",\"@id\":\"http:\\\/\\\/a.a.p.p.les2truites.fr\\\/?page_id=437#breadcrumb\",\"itemListElement\":[{\"@type\":\"ListItem\",\"position\":1,\"name\":\"Archives\",\"item\":\"http:\\\/\\\/a.a.p.p.les2truites.fr\\\/?page_id=356\"},{\"@type\":\"ListItem\",\"position\":2,\"name\":\"2014\",\"item\":\"http:\\\/\\\/a.a.p.p.les2truites.fr\\\/?page_id=358\"},{\"@type\":\"ListItem\",\"position\":3,\"name\":\"Infos concours 2014\",\"item\":\"http:\\\/\\\/a.a.p.p.les2truites.fr\\\/?page_id=431\"},{\"@type\":\"ListItem\",\"position\":4,\"name\":\"R\u00e9sultats des concours 2014\",\"item\":\"http:\\\/\\\/a.a.p.p.les2truites.fr\\\/?page_id=434\"},{\"@type\":\"ListItem\",\"position\":5,\"name\":\"Jeudi 1\u00b0 Mai 2014\"}]},{\"@type\":\"WebSite\",\"@id\":\"https:\\\/\\\/a.a.p.p.les2truites.fr\\\/#website\",\"url\":\"https:\\\/\\\/a.a.p.p.les2truites.fr\\\/\",\"name\":\"AAPP les 2 truites\",\"description\":\"Tous droits r\u00e9serv\u00e9s \u00a9 2011-2025\",\"potentialAction\":[{\"@type\":\"SearchAction\",\"target\":{\"@type\":\"EntryPoint\",\"urlTemplate\":\"https:\\\/\\\/a.a.p.p.les2truites.fr\\\/?s={search_term_string}\"},\"query-input\":{\"@type\":\"PropertyValueSpecification\",\"valueRequired\":true,\"valueName\":\"search_term_string\"}}],\"inLanguage\":\"fr-FR\"}]}<\/script>\n<!-- \/ Yoast SEO plugin. -->","yoast_head_json":{"title":"Jeudi 1\u00b0 Mai 2014 - AAPP les 2 truites","robots":{"index":"index","follow":"follow","max-snippet":"max-snippet:-1","max-image-preview":"max-image-preview:large","max-video-preview":"max-video-preview:-1"},"canonical":"http:\/\/a.a.p.p.les2truites.fr\/?page_id=437","og_locale":"fr_FR","og_type":"article","og_title":"Jeudi 1\u00b0 Mai 2014 - AAPP les 2 truites","og_description":"Classement du concours 1 HUENTZ OLIVIER 7620 2 GILLICH DAVID 6840 3 GILLICH MATTHIAS 6370 4 SCHWOOB ALAIN 6330 5 SCHWOOB FLORIAN 5090 6 GILLICH MARTIN 4460 7 WURMSER THEO 4150 8 GAY MATTHIEU 3990 9 WURMSER FRANCOISE 3950 10 NAUD OLIVIER 3750 11 EGENSPERGER THIERRY 3640 12 PONSOT PASCAL \u2026 Continue reading &rarr;","og_url":"http:\/\/a.a.p.p.les2truites.fr\/?page_id=437","og_site_name":"AAPP les 2 truites","article_modified_time":"2023-02-25T10:57:02+00:00","og_image":[{"url":"http:\/\/a.a.p.p.les2truites.fr\/wp-content\/uploads\/2014\/05\/DSC00596.jpg","type":"","width":"","height":""}],"schema":{"@context":"https:\/\/schema.org","@graph":[{"@type":"WebPage","@id":"http:\/\/a.a.p.p.les2truites.fr\/?page_id=437","url":"http:\/\/a.a.p.p.les2truites.fr\/?page_id=437","name":"Jeudi 1\u00b0 Mai 2014 - AAPP les 2 truites","isPartOf":{"@id":"https:\/\/a.a.p.p.les2truites.fr\/#website"},"primaryImageOfPage":{"@id":"http:\/\/a.a.p.p.les2truites.fr\/?page_id=437#primaryimage"},"image":{"@id":"http:\/\/a.a.p.p.les2truites.fr\/?page_id=437#primaryimage"},"thumbnailUrl":"http:\/\/a.a.p.p.les2truites.fr\/wp-content\/uploads\/2014\/05\/DSC00596.jpg","datePublished":"2015-01-01T14:06:22+00:00","dateModified":"2023-02-25T10:57:02+00:00","breadcrumb":{"@id":"http:\/\/a.a.p.p.les2truites.fr\/?page_id=437#breadcrumb"},"inLanguage":"fr-FR","potentialAction":[{"@type":"ReadAction","target":["http:\/\/a.a.p.p.les2truites.fr\/?page_id=437"]}]},{"@type":"ImageObject","inLanguage":"fr-FR","@id":"http:\/\/a.a.p.p.les2truites.fr\/?page_id=437#primaryimage","url":"http:\/\/a.a.p.p.les2truites.fr\/wp-content\/uploads\/2014\/05\/DSC00596.jpg","contentUrl":"http:\/\/a.a.p.p.les2truites.fr\/wp-content\/uploads\/2014\/05\/DSC00596.jpg","width":756,"height":573},{"@type":"BreadcrumbList","@id":"http:\/\/a.a.p.p.les2truites.fr\/?page_id=437#breadcrumb","itemListElement":[{"@type":"ListItem","position":1,"name":"Archives","item":"http:\/\/a.a.p.p.les2truites.fr\/?page_id=356"},{"@type":"ListItem","position":2,"name":"2014","item":"http:\/\/a.a.p.p.les2truites.fr\/?page_id=358"},{"@type":"ListItem","position":3,"name":"Infos concours 2014","item":"http:\/\/a.a.p.p.les2truites.fr\/?page_id=431"},{"@type":"ListItem","position":4,"name":"R\u00e9sultats des concours 2014","item":"http:\/\/a.a.p.p.les2truites.fr\/?page_id=434"},{"@type":"ListItem","position":5,"name":"Jeudi 1\u00b0 Mai 2014"}]},{"@type":"WebSite","@id":"https:\/\/a.a.p.p.les2truites.fr\/#website","url":"https:\/\/a.a.p.p.les2truites.fr\/","name":"AAPP les 2 truites","description":"Tous droits r\u00e9serv\u00e9s \u00a9 2011-2025","potentialAction":[{"@type":"SearchAction","target":{"@type":"EntryPoint","urlTemplate":"https:\/\/a.a.p.p.les2truites.fr\/?s={search_term_string}"},"query-input":{"@type":"PropertyValueSpecification","valueRequired":true,"valueName":"search_term_string"}}],"inLanguage":"fr-FR"}]}},"_links":{"self":[{"href":"http:\/\/a.a.p.p.les2truites.fr\/index.php?rest_route=\/wp\/v2\/pages\/437","targetHints":{"allow":["GET"]}}],"collection":[{"href":"http:\/\/a.a.p.p.les2truites.fr\/index.php?rest_route=\/wp\/v2\/pages"}],"about":[{"href":"http:\/\/a.a.p.p.les2truites.fr\/index.php?rest_route=\/wp\/v2\/types\/page"}],"author":[{"embeddable":true,"href":"http:\/\/a.a.p.p.les2truites.fr\/index.php?rest_route=\/wp\/v2\/users\/1"}],"replies":[{"embeddable":true,"href":"http:\/\/a.a.p.p.les2truites.fr\/index.php?rest_route=%2Fwp%2Fv2%2Fcomments&post=437"}],"version-history":[{"count":1,"href":"http:\/\/a.a.p.p.les2truites.fr\/index.php?rest_route=\/wp\/v2\/pages\/437\/revisions"}],"predecessor-version":[{"id":1345,"href":"http:\/\/a.a.p.p.les2truites.fr\/index.php?rest_route=\/wp\/v2\/pages\/437\/revisions\/1345"}],"up":[{"embeddable":true,"href":"http:\/\/a.a.p.p.les2truites.fr\/index.php?rest_route=\/wp\/v2\/pages\/434"}],"wp:attachment":[{"href":"http:\/\/a.a.p.p.les2truites.fr\/index.php?rest_route=%2Fwp%2Fv2%2Fmedia&parent=437"}],"curies":[{"name":"wp","href":"https:\/\/api.w.org\/{rel}","templated":true}]}}