{"id":999,"date":"2019-02-07T19:32:46","date_gmt":"2019-02-07T18:32:46","guid":{"rendered":"http:\/\/a.a.p.p.les2truites.fr\/?page_id=999"},"modified":"2019-02-07T19:35:12","modified_gmt":"2019-02-07T18:35:12","slug":"tarifdes-cartes-de-peches-2014-2-2","status":"publish","type":"page","link":"http:\/\/a.a.p.p.les2truites.fr\/?page_id=999","title":{"rendered":"Tarifs des cartes de p\u00eache 2019"},"content":{"rendered":"<p><a href=\"http:\/\/a.a.p.p.les2truites.fr\/wp-contehttp:\/\/a.a.p.p.les2truites.fr\/wp-content\/uploads\/2019\/02\/fiche_de_renseignements_2019.pdf\" target=\"_blank\" rel=\"noopener\"><img loading=\"lazy\" decoding=\"async\" class=\"aligncenter wp-image-1005 size-full\" src=\"http:\/\/a.a.p.p.les2truites.fr\/wp-content\/uploads\/2019\/02\/tarifs_des_cartes_de_peche_2019.jpg\" alt=\"\" width=\"947\" height=\"652\" srcset=\"http:\/\/a.a.p.p.les2truites.fr\/wp-content\/uploads\/2019\/02\/tarifs_des_cartes_de_peche_2019.jpg 947w, http:\/\/a.a.p.p.les2truites.fr\/wp-content\/uploads\/2019\/02\/tarifs_des_cartes_de_peche_2019-300x207.jpg 300w, http:\/\/a.a.p.p.les2truites.fr\/wp-content\/uploads\/2019\/02\/tarifs_des_cartes_de_peche_2019-768x529.jpg 768w, http:\/\/a.a.p.p.les2truites.fr\/wp-content\/uploads\/2019\/02\/tarifs_des_cartes_de_peche_2019-600x413.jpg 600w, http:\/\/a.a.p.p.les2truites.fr\/wp-content\/uploads\/2019\/02\/tarifs_des_cartes_de_peche_2019-150x103.jpg 150w, http:\/\/a.a.p.p.les2truites.fr\/wp-content\/uploads\/2019\/02\/tarifs_des_cartes_de_peche_2019-218x150.jpg 218w\" sizes=\"auto, (max-width: 947px) 100vw, 947px\" \/><\/a><\/p>\n<p style=\"text-align: center;\">Pour obtenir votre carte de peche, remplissez et renvoyer \u00e0 Luc, par courrier interne CONSTELLIUM, le document joint \u00e0 cet article :<\/p>\n<p style=\"text-align: center;\">Luc Hofer<br \/>\nService entretien<br \/>\nSecteur LAF equipe 4<\/p>\n<p style=\"text-align: center;\">O\u00f9, \u00e0 remettre \u00e0 l&rsquo;un des membres du comit\u00e9.<\/p>\n<p style=\"text-align: center;\"><a href=\"http:\/\/a.a.p.p.les2truites.fr\/wp-content\/uploads\/2019\/02\/fiche_de_renseignements_2019.pdf\" target=\"_blank\" rel=\"noopener\"><img loading=\"lazy\" decoding=\"async\" class=\"aligncenter wp-image-65 size-full\" src=\"http:\/\/a.a.p.p.les2truites.fr\/wp-content\/uploads\/2014\/01\/icone_pdf.jpeg\" alt=\"icone_pdf\" width=\"111\" height=\"111\" \/><\/a><a href=\"http:\/\/a.a.p.p.les2truites.fr\/wp-content\/uploads\/2019\/02\/fiche_de_renseignements_2019.pdf\"><strong>FICHE DE RENSEIGNEMENTS<\/strong><\/a><\/p>\n","protected":false},"excerpt":{"rendered":"<p>Pour obtenir votre carte de peche, remplissez et renvoyer \u00e0 Luc, par courrier interne CONSTELLIUM, le document joint \u00e0 cet article : Luc Hofer Service entretien Secteur LAF equipe 4 O\u00f9, \u00e0 remettre \u00e0 l&rsquo;un des membres du comit\u00e9. FICHE DE RENSEIGNEMENTS<\/p>\n","protected":false},"author":1,"featured_media":0,"parent":1017,"menu_order":2,"comment_status":"closed","ping_status":"closed","template":"","meta":{"_monsterinsights_skip_tracking":false,"_monsterinsights_sitenote_active":false,"_monsterinsights_sitenote_note":"","_monsterinsights_sitenote_category":0,"footnotes":""},"class_list":["post-999","page","type-page","status-publish","hentry"],"yoast_head":"<!-- This site is optimized with the Yoast SEO plugin v27.3 - https:\/\/yoast.com\/product\/yoast-seo-wordpress\/ -->\n<title>Tarifs des cartes de p\u00eache 2019 - AAPP les 2 truites<\/title>\n<meta name=\"robots\" content=\"index, follow, max-snippet:-1, max-image-preview:large, max-video-preview:-1\" \/>\n<link rel=\"canonical\" href=\"http:\/\/a.a.p.p.les2truites.fr\/?page_id=999\" \/>\n<meta property=\"og:locale\" content=\"fr_FR\" \/>\n<meta property=\"og:type\" content=\"article\" \/>\n<meta property=\"og:title\" content=\"Tarifs des cartes de p\u00eache 2019 - AAPP les 2 truites\" \/>\n<meta property=\"og:description\" content=\"Pour obtenir votre carte de peche, remplissez et renvoyer \u00e0 Luc, par courrier interne CONSTELLIUM, le document joint \u00e0 cet article : Luc Hofer Service entretien Secteur LAF equipe 4 O\u00f9, \u00e0 remettre \u00e0 l&rsquo;un des membres du comit\u00e9. FICHE DE RENSEIGNEMENTS\" \/>\n<meta property=\"og:url\" content=\"http:\/\/a.a.p.p.les2truites.fr\/?page_id=999\" \/>\n<meta property=\"og:site_name\" content=\"AAPP les 2 truites\" \/>\n<meta property=\"article:modified_time\" content=\"2019-02-07T18:35:12+00:00\" \/>\n<meta property=\"og:image\" content=\"http:\/\/a.a.p.p.les2truites.fr\/wp-content\/uploads\/2019\/02\/tarifs_des_cartes_de_peche_2019.jpg\" \/>\n<script type=\"application\/ld+json\" class=\"yoast-schema-graph\">{\"@context\":\"https:\\\/\\\/schema.org\",\"@graph\":[{\"@type\":\"WebPage\",\"@id\":\"http:\\\/\\\/a.a.p.p.les2truites.fr\\\/?page_id=999\",\"url\":\"http:\\\/\\\/a.a.p.p.les2truites.fr\\\/?page_id=999\",\"name\":\"Tarifs des cartes de p\u00eache 2019 - AAPP les 2 truites\",\"isPartOf\":{\"@id\":\"https:\\\/\\\/a.a.p.p.les2truites.fr\\\/#website\"},\"primaryImageOfPage\":{\"@id\":\"http:\\\/\\\/a.a.p.p.les2truites.fr\\\/?page_id=999#primaryimage\"},\"image\":{\"@id\":\"http:\\\/\\\/a.a.p.p.les2truites.fr\\\/?page_id=999#primaryimage\"},\"thumbnailUrl\":\"http:\\\/\\\/a.a.p.p.les2truites.fr\\\/wp-content\\\/uploads\\\/2019\\\/02\\\/tarifs_des_cartes_de_peche_2019.jpg\",\"datePublished\":\"2019-02-07T18:32:46+00:00\",\"dateModified\":\"2019-02-07T18:35:12+00:00\",\"breadcrumb\":{\"@id\":\"http:\\\/\\\/a.a.p.p.les2truites.fr\\\/?page_id=999#breadcrumb\"},\"inLanguage\":\"fr-FR\",\"potentialAction\":[{\"@type\":\"ReadAction\",\"target\":[\"http:\\\/\\\/a.a.p.p.les2truites.fr\\\/?page_id=999\"]}]},{\"@type\":\"ImageObject\",\"inLanguage\":\"fr-FR\",\"@id\":\"http:\\\/\\\/a.a.p.p.les2truites.fr\\\/?page_id=999#primaryimage\",\"url\":\"http:\\\/\\\/a.a.p.p.les2truites.fr\\\/wp-content\\\/uploads\\\/2019\\\/02\\\/tarifs_des_cartes_de_peche_2019.jpg\",\"contentUrl\":\"http:\\\/\\\/a.a.p.p.les2truites.fr\\\/wp-content\\\/uploads\\\/2019\\\/02\\\/tarifs_des_cartes_de_peche_2019.jpg\",\"width\":947,\"height\":652},{\"@type\":\"BreadcrumbList\",\"@id\":\"http:\\\/\\\/a.a.p.p.les2truites.fr\\\/?page_id=999#breadcrumb\",\"itemListElement\":[{\"@type\":\"ListItem\",\"position\":1,\"name\":\"Archives\",\"item\":\"http:\\\/\\\/a.a.p.p.les2truites.fr\\\/?page_id=356\"},{\"@type\":\"ListItem\",\"position\":2,\"name\":\"2019\",\"item\":\"https:\\\/\\\/a.a.p.p.les2truites.fr\\\/?page_id=1109\"},{\"@type\":\"ListItem\",\"position\":3,\"name\":\"Infos pratiques 2019\",\"item\":\"https:\\\/\\\/a.a.p.p.les2truites.fr\\\/?page_id=1017\"},{\"@type\":\"ListItem\",\"position\":4,\"name\":\"Tarifs des cartes de p\u00eache 2019\"}]},{\"@type\":\"WebSite\",\"@id\":\"https:\\\/\\\/a.a.p.p.les2truites.fr\\\/#website\",\"url\":\"https:\\\/\\\/a.a.p.p.les2truites.fr\\\/\",\"name\":\"AAPP les 2 truites\",\"description\":\"Tous droits r\u00e9serv\u00e9s \u00a9 2011-2025\",\"potentialAction\":[{\"@type\":\"SearchAction\",\"target\":{\"@type\":\"EntryPoint\",\"urlTemplate\":\"https:\\\/\\\/a.a.p.p.les2truites.fr\\\/?s={search_term_string}\"},\"query-input\":{\"@type\":\"PropertyValueSpecification\",\"valueRequired\":true,\"valueName\":\"search_term_string\"}}],\"inLanguage\":\"fr-FR\"}]}<\/script>\n<!-- \/ Yoast SEO plugin. -->","yoast_head_json":{"title":"Tarifs des cartes de p\u00eache 2019 - AAPP les 2 truites","robots":{"index":"index","follow":"follow","max-snippet":"max-snippet:-1","max-image-preview":"max-image-preview:large","max-video-preview":"max-video-preview:-1"},"canonical":"http:\/\/a.a.p.p.les2truites.fr\/?page_id=999","og_locale":"fr_FR","og_type":"article","og_title":"Tarifs des cartes de p\u00eache 2019 - AAPP les 2 truites","og_description":"Pour obtenir votre carte de peche, remplissez et renvoyer \u00e0 Luc, par courrier interne CONSTELLIUM, le document joint \u00e0 cet article : Luc Hofer Service entretien Secteur LAF equipe 4 O\u00f9, \u00e0 remettre \u00e0 l&rsquo;un des membres du comit\u00e9. FICHE DE RENSEIGNEMENTS","og_url":"http:\/\/a.a.p.p.les2truites.fr\/?page_id=999","og_site_name":"AAPP les 2 truites","article_modified_time":"2019-02-07T18:35:12+00:00","og_image":[{"url":"http:\/\/a.a.p.p.les2truites.fr\/wp-content\/uploads\/2019\/02\/tarifs_des_cartes_de_peche_2019.jpg","type":"","width":"","height":""}],"schema":{"@context":"https:\/\/schema.org","@graph":[{"@type":"WebPage","@id":"http:\/\/a.a.p.p.les2truites.fr\/?page_id=999","url":"http:\/\/a.a.p.p.les2truites.fr\/?page_id=999","name":"Tarifs des cartes de p\u00eache 2019 - AAPP les 2 truites","isPartOf":{"@id":"https:\/\/a.a.p.p.les2truites.fr\/#website"},"primaryImageOfPage":{"@id":"http:\/\/a.a.p.p.les2truites.fr\/?page_id=999#primaryimage"},"image":{"@id":"http:\/\/a.a.p.p.les2truites.fr\/?page_id=999#primaryimage"},"thumbnailUrl":"http:\/\/a.a.p.p.les2truites.fr\/wp-content\/uploads\/2019\/02\/tarifs_des_cartes_de_peche_2019.jpg","datePublished":"2019-02-07T18:32:46+00:00","dateModified":"2019-02-07T18:35:12+00:00","breadcrumb":{"@id":"http:\/\/a.a.p.p.les2truites.fr\/?page_id=999#breadcrumb"},"inLanguage":"fr-FR","potentialAction":[{"@type":"ReadAction","target":["http:\/\/a.a.p.p.les2truites.fr\/?page_id=999"]}]},{"@type":"ImageObject","inLanguage":"fr-FR","@id":"http:\/\/a.a.p.p.les2truites.fr\/?page_id=999#primaryimage","url":"http:\/\/a.a.p.p.les2truites.fr\/wp-content\/uploads\/2019\/02\/tarifs_des_cartes_de_peche_2019.jpg","contentUrl":"http:\/\/a.a.p.p.les2truites.fr\/wp-content\/uploads\/2019\/02\/tarifs_des_cartes_de_peche_2019.jpg","width":947,"height":652},{"@type":"BreadcrumbList","@id":"http:\/\/a.a.p.p.les2truites.fr\/?page_id=999#breadcrumb","itemListElement":[{"@type":"ListItem","position":1,"name":"Archives","item":"http:\/\/a.a.p.p.les2truites.fr\/?page_id=356"},{"@type":"ListItem","position":2,"name":"2019","item":"https:\/\/a.a.p.p.les2truites.fr\/?page_id=1109"},{"@type":"ListItem","position":3,"name":"Infos pratiques 2019","item":"https:\/\/a.a.p.p.les2truites.fr\/?page_id=1017"},{"@type":"ListItem","position":4,"name":"Tarifs des cartes de p\u00eache 2019"}]},{"@type":"WebSite","@id":"https:\/\/a.a.p.p.les2truites.fr\/#website","url":"https:\/\/a.a.p.p.les2truites.fr\/","name":"AAPP les 2 truites","description":"Tous droits r\u00e9serv\u00e9s \u00a9 2011-2025","potentialAction":[{"@type":"SearchAction","target":{"@type":"EntryPoint","urlTemplate":"https:\/\/a.a.p.p.les2truites.fr\/?s={search_term_string}"},"query-input":{"@type":"PropertyValueSpecification","valueRequired":true,"valueName":"search_term_string"}}],"inLanguage":"fr-FR"}]}},"_links":{"self":[{"href":"http:\/\/a.a.p.p.les2truites.fr\/index.php?rest_route=\/wp\/v2\/pages\/999","targetHints":{"allow":["GET"]}}],"collection":[{"href":"http:\/\/a.a.p.p.les2truites.fr\/index.php?rest_route=\/wp\/v2\/pages"}],"about":[{"href":"http:\/\/a.a.p.p.les2truites.fr\/index.php?rest_route=\/wp\/v2\/types\/page"}],"author":[{"embeddable":true,"href":"http:\/\/a.a.p.p.les2truites.fr\/index.php?rest_route=\/wp\/v2\/users\/1"}],"replies":[{"embeddable":true,"href":"http:\/\/a.a.p.p.les2truites.fr\/index.php?rest_route=%2Fwp%2Fv2%2Fcomments&post=999"}],"version-history":[{"count":4,"href":"http:\/\/a.a.p.p.les2truites.fr\/index.php?rest_route=\/wp\/v2\/pages\/999\/revisions"}],"predecessor-version":[{"id":1015,"href":"http:\/\/a.a.p.p.les2truites.fr\/index.php?rest_route=\/wp\/v2\/pages\/999\/revisions\/1015"}],"up":[{"embeddable":true,"href":"http:\/\/a.a.p.p.les2truites.fr\/index.php?rest_route=\/wp\/v2\/pages\/1017"}],"wp:attachment":[{"href":"http:\/\/a.a.p.p.les2truites.fr\/index.php?rest_route=%2Fwp%2Fv2%2Fmedia&parent=999"}],"curies":[{"name":"wp","href":"https:\/\/api.w.org\/{rel}","templated":true}]}}